t are the prime factors of 1078794?
2, 3, 73, 821
List the prime factors of 1834589.
17, 311, 347
What are the prime factors of 23427247?
19, 103, 11971
What are the prime factors of 1419650?
2, 5, 28393
What are the prime factors of 82338?
2, 3, 13723
What are the prime factors of 20389267?
43, 474169
List the prime factors of 520642.
2, 17, 15313
What are the prime factors of 452934?
2, 3, 25163
List the prime factors of 272707.
19, 31, 463
List the prime factors of 1266532.
2, 316633
What are the prime factors of 154397?
103, 1499
List the prime factors of 1704353.
7, 243479
List the prime factors of 28329274.
2, 131, 108127
What are the prime factors of 911971?
53, 17207
List the prime factors of 2059043.
7, 294149
What are the prime factors of 610145?
5, 122029
List the prime factors of 6725519.
6725519
List the prime factors of 4573127.
13, 351779
What are the prime factors of 4063641?
3, 1354547
What are the prime factors of 28631018?
2, 13, 1101193
What are the prime factors of 21217459?
41, 517499
What are the prime factors of 12530564?
2, 17, 184273
List the prime factors of 14493483.
3, 1610387
What are the prime factors of 91241?
23, 3967
What are the prime factors of 19678831?
31, 739, 859
List the prime factors of 618352.
2, 7, 5521
What are the prime factors of 76753?
76753
What are the prime factors of 2120874?
2, 3, 7, 50497
List the prime factors of 785469.
3, 261823
List the prime factors of 554440.
2, 5, 83, 167
List the prime factors of 12548.
2, 3137
What are the prime factors of 16444?
2, 4111
List the prime factors of 885134.
2, 19, 23293
What are the prime factors of 2123142?
2, 3, 7, 50551
List the prime factors of 3143005.
5, 193, 3257
What are the prime factors of 6809837?
6809837
What are the prime factors of 2489386?
2, 151, 8243
What are the prime factors of 2720869?
37, 151, 487
List the prime factors of 7357617.
3, 17, 19, 2531
List the prime factors of 23060207.
223, 103409
What are the prime factors of 206256?
2, 3, 4297
What are the prime factors of 3260181?
3, 23, 37, 1277
List the prime factors of 4638398.
2, 907, 2557
List the prime factors of 2456999.
2456999
What are the prime factors of 452554?
2, 71, 3187
List the prime factors of 36601740.
2, 3, 5, 7, 23, 421
What are the prime factors of 865664?
2, 6763
List the prime factors of 5873076.
2, 3, 11, 14831
What are the prime factors of 338354?
2, 169177
List the prime factors of 106407.
3, 7, 563
What are the prime factors of 678637?
678637
What are the prime factors of 4730071?
4730071
List the prime factors of 88498.
2, 44249
List the prime factors of 1355915.
5, 11, 89, 277
What are the prime factors of 9942977?
11, 17, 53171
List the prime factors of 526074.
2, 3, 87679
List the prime factors of 272988.
2, 3, 7583
List the prime factors of 2928372.
2, 3, 79, 3089
List the prime factors of 4088761.
4088761
What are the prime factors of 250280?
2, 5, 6257
List the prime factors of 7120559.
67, 106277
List the prime factors of 67495.
5, 13499
What are the prime factors of 868233?
3, 167, 1733
What are the prime factors of 17648915?
5, 3529783
List the prime factors of 3704211.
3, 7, 47, 139
List the prime factors of 8494222.
2, 11, 23, 16787
List the prime factors of 194616.
2, 3, 17, 53
List the prime factors of 217181.
29, 7489
List the prime factors of 3578485.
5, 31, 23087
List the prime factors of 571599.
3, 7, 43, 211
List the prime factors of 12489568.
2, 7, 13, 4289
List the prime factors of 438765.
3, 5, 29251
List the prime factors of 1764341.
439, 4019
List the prime factors of 444319.
43, 10333
List the prime factors of 26181172.
2, 6545293
What are the prime factors of 27762435?
3, 5, 616943
What are the prime factors of 2876749?
1531, 1879
List the prime factors of 7029213.
3, 61, 71, 541
List the prime factors of 18317.
13, 1409
List the prime factors of 14778422.
2, 983, 7517
List the prime factors of 3209805.
3, 5, 71329
List the prime factors of 1607287.
11, 146117
What are the prime factors of 3088158?
2, 3, 31, 16603
What are the prime factors of 1484682?
2, 3, 97, 2551
What are the prime factors of 2049410?
2, 5, 11, 31, 601
List the prime factors of 9670657.
43, 239, 941
List the prime factors of 3039752.
2, 61, 6229
List the prime factors of 980005.
5, 13, 15077
What are the prime factors of 7156352?
2, 7, 163
List the prime factors of 704357.
704357
What are the prime factors of 2652449?
113, 23473
What are the prime factors of 17491792?
2, 1093237
List the prime factors of 20372979.
3, 11, 617363
What are the prime factors of 2471180?
2, 5, 157, 787
List the prime factors of 1366790.
2, 5, 31, 4409
List the prime factors of 3530936.
2, 449, 983
List the prime factors of 16615963.
7, 13, 182593
What are the prime factors of 979274?
2, 659, 743
What are the prime factors of 147287?
7, 53, 397
What are the prime factors of 246343?
246343
What are the prime factors of 1911094?
2, 97, 9851
List the prime factors of 8656631.
37, 43, 5441
List the prime factors of 7988264.
2, 599, 1667
What are the prime factors of 59754?
2, 3, 23, 433
What are the prime factors of 671165?
5, 11, 12203
What are the prime factors of 426190?
2, 5, 17, 23, 109
List the prime factors of 2188167.
3, 729389
List the prime factors of 264806.
2, 132403
What are the prime factors of 11448225?
3, 5, 17, 41, 73
List the prime factors of 2565208.
2, 43, 7457
What are the prime factors of 5602597?
7, 11, 13, 29, 193
List the prime factors of 290013.
3, 96671
What are the prime factors of 1897718?
2, 53, 17903
List the prime factors of 162854.
2, 107, 761
What are the prime factors of 267398?
2, 23, 5813
List the prime factors of 328634.
2, 37, 4441
What are the prime factors of 255549?
3, 7, 43, 283
List the prime factors of 251116.
2, 67, 937
What are the prime factors of 4854585?
3, 5, 37, 8747
What are the prime factors of 404266?
2, 131, 1543
What are the prime factors of 25144776?
2, 3, 116411
List the prime factors of 57702.
2, 3, 59, 163
What are the prime factors of 1303982?
2, 353, 1847
List the prime factors of 6390587.
7, 912941
List the prime factors of 124553.
11, 13, 67
What are the prime factors of 1165480?
2, 5, 29137
What are the prime factors of 224760?
2, 3, 5, 1873
What are the prime factors of 3925543?
173, 22691
List the prime factors of 57718.
2, 28859
List the prime factors of 203508.
2, 3, 5653
What are the prime factors of 1261761?
3, 29, 14503
What are the prime factors of 122306?
2, 61153
What are the prime factors of 1096210?
2, 5, 109621
What are the prime factors of 32638630?
2, 5, 29, 241, 467
List the prime factors of 14380888.
2, 23, 78157
What are the prime factors of 827726?
2, 413863
List the prime factors of 1095173.
1095173
What are the prime factors of 1207232?
2, 13, 1451
List the prime factors of 2258750.
2, 5, 13, 139
What are the prime factors of 430468?
2, 23, 4679
What are the prime factors of 12750165?
3, 5, 23, 97, 127
What are the prime factors of 3761594?
2, 337, 5581
What are the prime factors of 1367894?
2, 11, 97, 641
List the prime factors of 1318688.
2, 7, 29
List the prime factors of 149339.
23, 43, 151
List the prime factors of 18199238.
2, 997, 9127
What are the prime factors of 12243703?
661, 18523
List the prime factors of 174381.
3, 37, 1571
List the prime factors of 2214701.
29, 76369
What are the prime factors of 4270443?
3, 1423481
What are the prime factors of 2932536?
2, 3, 19, 59, 109
List the prime factors of 192531.
3, 29, 2213
List the prime factors of 940494.
2, 3, 156749
List the prime factors of 877234.
2, 17, 25801
What are the prime factors of 10159358?
2, 11, 53, 8713
List the prime factors of 216256.
2, 31, 109
What are the prime factors of 4089600?
2, 3, 5, 71
List the prime factors of 1441608.
2, 3, 7, 8581
What are the prime factors of 8738619?
3, 503, 5791
List the prime factors of 19622158.
2, 1877, 5227
List the prime factors of 2771969.
17, 41, 97
List the prime factors of 35003959.
35003959
List the prime factors of 3110563.
3110563
What are the prime factors of 836967?
3, 157, 1777
List the prime factors of 250275.
3, 5, 47, 71
What are the prime factors of 340006?
2, 170003
What are the prime factors of 291424?
2, 7, 1301
List the prime factors of 2771958.
2, 3, 7, 31, 212